{"id":93,"date":"2021-06-22T17:08:40","date_gmt":"2021-06-22T14:08:40","guid":{"rendered":"http:\/\/lucid.lt\/?page_id=93"},"modified":"2021-06-23T11:40:51","modified_gmt":"2021-06-23T08:40:51","slug":"nuotykiai-ir-pramogos","status":"publish","type":"page","link":"https:\/\/lucid.lt\/?page_id=93","title":{"rendered":"Nuotykiai ir pramogos"},"content":{"rendered":"\n<div class=\"wp-block-image\"><figure class=\"alignright size-large is-resized\"><img loading=\"lazy\" decoding=\"async\" src=\"http:\/\/lucid.lt\/wp-content\/uploads\/2021\/06\/artem-beliaikin-8AsKha7aIvk-unsplash58.jpg\" alt=\"\" class=\"wp-image-168\" width=\"250\" height=\"400\" srcset=\"https:\/\/lucid.lt\/wp-content\/uploads\/2021\/06\/artem-beliaikin-8AsKha7aIvk-unsplash58.jpg 600w, https:\/\/lucid.lt\/wp-content\/uploads\/2021\/06\/artem-beliaikin-8AsKha7aIvk-unsplash58-188x300.jpg 188w\" sizes=\"auto, (max-width: 250px) 100vw, 250px\" \/><\/figure><\/div>\n\n\n\n<p>Dar Siegmund Freud teig\u0117, jog sapnai yra skirti m\u016bs\u0173 pas\u0105moningam nor\u0173 ir fantazij\u0173 \u012fgyvendinimui. O s\u0105moningi sapnai mus atveria unikali\u0105 galimyb\u0119 \u012fgyvendinti bet koki\u0105 svajon\u0119 s\u0105moningai! \u010cia mes esame visi\u0161kai saug\u016bs ir galime \u012fveikti net gamtos d\u0117snius \u2013 \u0161okin\u0117ti nuo auk\u0161\u010diausi\u0173 pastat\u0173 ar kaln\u0173 vir\u0161\u016bni\u0173, skraidyti, pereiti sienas, vaik\u0161\u010dioti j\u016bros dugnu ar pakilti \u012f kosmos\u0105. \u010cia n\u0117ra joki\u0173 socialini\u0173 tabu \u2013 galime nuogi vaik\u0161tin\u0117ti miest\u0173 gatv\u0117mis, paplek\u0161noti per pet\u012f Prezidentui ar nusitempti \u012f lov\u0105 mylim\u0105 muzikos ar kino \u017evaig\u017ed\u0119.<\/p>\n\n\n\n<p>Galime nukakti bet kur, padaryti ar patirti bet k\u0105, apie k\u0105 tik svajojame ar k\u0105 tik galime \u012fsivaizduojame. Tai pasaulis, kuris mums yra tiek pat realus kiek ir tikrasis, bet kuriame yra visi\u0161ka laisv\u0117 ir viskas yra \u012fmanoma! Mes galime b\u016bti herojai, dr\u0105sus kar\u017eygiai, gyvenantys didingose viduram\u017ei\u0173 pilyse ar futuristin\u0117se \u201e\u017dvaig\u017ed\u017ei\u0173 kar\u0173\u201c kosmin\u0117se stotyse, keliauti laiku \u2013 nuo did\u017eiojo sprogimo iki Visatos pabaigos \u2013 ar erdve \u2013 nuo malonaus atostog\u0173 kampelio iki tolimiausi\u0173 Visatos u\u017ekabori\u0173, kuri\u0173 nepasiekia ir did\u017eiausi kosminiai teleskopai.<\/p>\n\n\n\n<p>Taip, tai nei\u0161semiam\u0173 svajoni\u0173 \u0161alis, \u012f kuri\u0105 rakt\u0105 turime kiekvienas.\u00a0Eikite, d\u017eiaukit\u0117s, m\u0117gaukit\u0117s, \u012fgyvendinkite visas savo svajones ir patirkite ne\u012ftik\u0117tin\u0173 nuotyki\u0173! <\/p>\n\n\n\n<div style=\"height:10px\" aria-hidden=\"true\" class=\"wp-block-spacer\"><\/div>\n\n\n\n<hr class=\"wp-block-separator\"\/>\n\n\n\n<div class=\"wp-block-columns is-layout-flex wp-container-core-columns-is-layout-1 wp-block-columns-is-layout-flex\">\n<div class=\"wp-block-column is-layout-flow wp-block-column-is-layout-flow\" style=\"flex-basis:25%\">\n<figure class=\"wp-block-image size-large\"><img loading=\"lazy\" decoding=\"async\" width=\"220\" height=\"200\" src=\"http:\/\/lucid.lt\/wp-content\/uploads\/2021\/06\/mokslobarometras.png\" alt=\"\" class=\"wp-image-135\"\/><\/figure>\n<\/div>\n\n\n\n<div class=\"wp-block-column is-layout-flow wp-block-column-is-layout-flow\" style=\"flex-basis:66.66%\">\n<p><strong><span style=\"color:#984b43\" class=\"has-inline-color\">K\u0105 apie tai sako mokslas?<\/span><\/strong><\/p>\n\n\n\n<p><span style=\"color:#984b43\" class=\"has-inline-color\">Dauguma s\u0105moning\u0173 sapnuotoj\u0173, visose am\u017eiaus grup\u0117se &#8211; nuo paaugli\u0173 iki brand\u017ei\u0173 suaugusi\u0173, naudoja savo s\u0105moningus sapnus nor\u0173 ir svajoni\u0173 \u012fgyvendinimui <sup>[1]<\/sup>. Trys populiariausios planuojamos veiklos s\u0105moninguose sapnuose yra skraidymas, seksas ir pokalbiai su kitais sapn\u0173 persona\u017eais <sup>[2]<\/sup>.<\/span><\/p>\n<\/div>\n<\/div>\n\n\n\n<p class=\"has-small-font-size\">[1] Sch\u00e4dlich, M., &amp; Erlacher, D. (2012). Applications of lucid dreams: An online study. <em>International Journal of Dream Research, 5<\/em>(2), 134\u2013138. <a href=\"https:\/\/doi.org\/10.11588\/ijodr.2012.2.9505\">https:\/\/doi.org\/10.11588\/ijodr.2012.2.9505<\/a><\/p>\n\n\n\n<p class=\"has-small-font-size\">[2] Stumbrys, T., Erlacher, D., Johnson, M., &amp; Schredl, M. (2014). The phenomenology of lucid dreaming: An online survey. <em>The American Journal of Psychology, 127<\/em>(2), 191-204. <a rel=\"noreferrer noopener\" href=\"https:\/\/doi.org\/10.5406\/amerjpsyc.127.2.0191\" target=\"_blank\">https:\/\/doi.org\/10.5406\/amerjpsyc.127.2.0191<\/a><\/p>\n","protected":false},"excerpt":{"rendered":"<p>Dar Siegmund Freud teig\u0117, jog sapnai yra skirti m\u016bs\u0173 pas\u0105moningam nor\u0173 ir fantazij\u0173 \u012fgyvendinimui. O s\u0105moningi sapnai mus atveria unikali\u0105 galimyb\u0119 \u012fgyvendinti bet koki\u0105 svajon\u0119 s\u0105moningai! \u010cia mes esame visi\u0161kai saug\u016bs ir galime \u012fveikti net gamtos d\u0117snius \u2013 \u0161okin\u0117ti nuo auk\u0161\u010diausi\u0173 pastat\u0173 ar kaln\u0173 vir\u0161\u016bni\u0173, skraidyti, pereiti sienas, vaik\u0161\u010dioti j\u016bros dugnu ar pakilti \u012f kosmos\u0105.<br \/><a class=\"moretag\" href=\"https:\/\/lucid.lt\/?page_id=93\">+ Read More<\/a><\/p>\n","protected":false},"author":1,"featured_media":0,"parent":46,"menu_order":1,"comment_status":"closed","ping_status":"closed","template":"template_parts\/page-fullwidth_template.php","meta":{"footnotes":""},"class_list":["post-93","page","type-page","status-publish","hentry"],"_links":{"self":[{"href":"https:\/\/lucid.lt\/index.php?rest_route=\/wp\/v2\/pages\/93","targetHints":{"allow":["GET"]}}],"collection":[{"href":"https:\/\/lucid.lt\/index.php?rest_route=\/wp\/v2\/pages"}],"about":[{"href":"https:\/\/lucid.lt\/index.php?rest_route=\/wp\/v2\/types\/page"}],"author":[{"embeddable":true,"href":"https:\/\/lucid.lt\/index.php?rest_route=\/wp\/v2\/users\/1"}],"replies":[{"embeddable":true,"href":"https:\/\/lucid.lt\/index.php?rest_route=%2Fwp%2Fv2%2Fcomments&post=93"}],"version-history":[{"count":6,"href":"https:\/\/lucid.lt\/index.php?rest_route=\/wp\/v2\/pages\/93\/revisions"}],"predecessor-version":[{"id":174,"href":"https:\/\/lucid.lt\/index.php?rest_route=\/wp\/v2\/pages\/93\/revisions\/174"}],"up":[{"embeddable":true,"href":"https:\/\/lucid.lt\/index.php?rest_route=\/wp\/v2\/pages\/46"}],"wp:attachment":[{"href":"https:\/\/lucid.lt\/index.php?rest_route=%2Fwp%2Fv2%2Fmedia&parent=93"}],"curies":[{"name":"wp","href":"https:\/\/api.w.org\/{rel}","templated":true}]}}